{"id":30,"date":"2026-03-19T20:46:37","date_gmt":"2026-03-19T23:46:37","guid":{"rendered":"http:\/\/victorysv.com.br\/?page_id=30"},"modified":"2026-03-20T10:49:46","modified_gmt":"2026-03-20T13:49:46","slug":"contato-victory-securitizadora","status":"publish","type":"page","link":"https:\/\/victorysv.com.br\/index.php\/contato-victory-securitizadora\/","title":{"rendered":"Contato"},"content":{"rendered":"\t\t<div data-elementor-type=\"wp-page\" data-elementor-id=\"30\" class=\"elementor elementor-30\">\n\t\t\t\t<div class=\"elementor-element elementor-element-7220328 e-flex e-con-boxed e-con e-parent\" data-id=\"7220328\" data-element_type=\"container\" data-e-type=\"container\">\n\t\t\t\t\t<div class=\"e-con-inner\">\n\t\t\t\t<div class=\"elementor-element elementor-element-adcc564 elementor-widget elementor-widget-html\" data-id=\"adcc564\" data-element_type=\"widget\" data-e-type=\"widget\" data-widget_type=\"html.default\">\n\t\t\t\t\t<link href=\"https:\/\/fonts.googleapis.com\/css2?family=Roboto:wght@400;500;700&display=swap\" rel=\"stylesheet\">\r\n\r\n<!-- BLOCO VERDE ESCURO: ENDERE\u00c7O + MAPA -->\r\n<div style=\"width:100vw;margin-left:calc(-50vw + 50%);background:#003641;padding:60px 20px;font-family:'Roboto',sans-serif;\">\r\n<div style=\"max-width:1100px;margin:auto;display:flex;flex-wrap:wrap;gap:40px;align-items:stretch;\">\r\n\r\n  <!-- LADO ESQUERDO: INFORMA\u00c7\u00d5ES -->\r\n  <div style=\"flex:1;min-width:260px;display:flex;flex-direction:column;justify-content:center;\">\r\n    <h2 style=\"color:#7DB61C;font-size:26px;margin:0 0 8px;font-family:'Roboto',sans-serif;\">Fale com a gente<\/h2>\r\n    <p style=\"color:rgba(255,255,255,0.7);font-size:15px;margin:0 0 32px;font-family:'Roboto',sans-serif;\">Estamos prontos para atender voc\u00ea.<\/p>\r\n\r\n    <!-- Endere\u00e7o -->\r\n    <div style=\"display:flex;align-items:flex-start;gap:14px;margin-bottom:22px;\">\r\n      <div style=\"width:42px;height:42px;border-radius:50%;background:rgba(255,255,255,0.08);display:flex;align-items:center;justify-content:center;flex-shrink:0;margin-top:2px;\">\r\n        <svg width=\"18\" height=\"18\" viewBox=\"0 0 24 24\" fill=\"none\" stroke=\"#a8d97f\" stroke-width=\"1.6\" stroke-linecap=\"round\" stroke-linejoin=\"round\">\r\n          <path d=\"M21 10c0 7-9 13-9 13S3 17 3 10a9 9 0 0118 0z\"\/>\r\n          <circle cx=\"12\" cy=\"10\" r=\"3\"\/>\r\n        <\/svg>\r\n      <\/div>\r\n      <div>\r\n        <p style=\"color:#a8d97f;font-size:11px;margin:0 0 5px;font-weight:500;text-transform:uppercase;letter-spacing:.8px;font-family:'Roboto',sans-serif;\">Endere\u00e7o<\/p>\r\n        <p style=\"color:white;font-size:14px;margin:0;line-height:1.8;font-family:'Roboto',sans-serif;\">\r\n          SRTVS Quadra 701<br>\r\n          Centro Empresarial Assis Chateaubriand<br>\r\n          Lote 01, Bloco 2, Sala 428<br>\r\n          CEP: 70.340-906 \u2014 Bras\u00edlia, DF\r\n        <\/p>\r\n      <\/div>\r\n    <\/div>\r\n\r\n    <!-- Telefone -->\r\n    <div style=\"display:flex;align-items:center;gap:14px;margin-bottom:22px;\">\r\n      <div style=\"width:42px;height:42px;border-radius:50%;background:rgba(255,255,255,0.08);display:flex;align-items:center;justify-content:center;flex-shrink:0;\">\r\n        <svg width=\"18\" height=\"18\" viewBox=\"0 0 24 24\" fill=\"none\" stroke=\"#a8d97f\" stroke-width=\"1.6\" stroke-linecap=\"round\" stroke-linejoin=\"round\">\r\n          <path d=\"M22 16.92v3a2 2 0 01-2.18 2 19.79 19.79 0 01-8.63-3.07A19.5 19.5 0 013.07 9.8 19.79 19.79 0 01.97 1.18 2 2 0 012.95 0h3a2 2 0 012 1.72c.127.96.361 1.903.7 2.81a2 2 0 01-.45 2.11L7.09 7.91a16 16 0 006 6l1.27-1.27a2 2 0 012.11-.45c.907.339 1.85.573 2.81.7A2 2 0 0122 16.92z\"\/>\r\n        <\/svg>\r\n      <\/div>\r\n      <div>\r\n        <p style=\"color:#a8d97f;font-size:11px;margin:0 0 5px;font-weight:500;text-transform:uppercase;letter-spacing:.8px;font-family:'Roboto',sans-serif;\">Telefone<\/p>\r\n        <p style=\"color:white;font-size:15px;margin:0;font-family:'Roboto',sans-serif;\">(61) 99577-4043<\/p>\r\n      <\/div>\r\n    <\/div>\r\n\r\n    <!-- E-mail -->\r\n    <div style=\"display:flex;align-items:center;gap:14px;margin-bottom:22px;\">\r\n      <div style=\"width:42px;height:42px;border-radius:50%;background:rgba(255,255,255,0.08);display:flex;align-items:center;justify-content:center;flex-shrink:0;\">\r\n        <svg width=\"18\" height=\"18\" viewBox=\"0 0 24 24\" fill=\"none\" stroke=\"#a8d97f\" stroke-width=\"1.6\" stroke-linecap=\"round\" stroke-linejoin=\"round\">\r\n          <rect x=\"2\" y=\"4\" width=\"20\" height=\"16\" rx=\"2\"\/>\r\n          <polyline points=\"2,4 12,13 22,4\"\/>\r\n        <\/svg>\r\n      <\/div>\r\n      <div>\r\n        <p style=\"color:#a8d97f;font-size:11px;margin:0 0 5px;font-weight:500;text-transform:uppercase;letter-spacing:.8px;font-family:'Roboto',sans-serif;\">E-mail<\/p>\r\n        <p style=\"color:white;font-size:14px;margin:0;font-family:'Roboto',sans-serif;\">contato@victorysv.com.br<\/p>\r\n      <\/div>\r\n    <\/div>\r\n\r\n    <!-- WhatsApp -->\r\n    <div style=\"display:flex;align-items:center;gap:14px;margin-bottom:32px;\">\r\n      <div style=\"width:42px;height:42px;border-radius:50%;background:rgba(255,255,255,0.08);display:flex;align-items:center;justify-content:center;flex-shrink:0;\">\r\n        <svg width=\"18\" height=\"18\" viewBox=\"0 0 24 24\" fill=\"none\" stroke=\"#a8d97f\" stroke-width=\"1.6\" stroke-linecap=\"round\" stroke-linejoin=\"round\">\r\n          <path d=\"M21 11.5a8.38 8.38 0 01-.9 3.8 8.5 8.5 0 01-7.6 4.7 8.38 8.38 0 01-3.8-.9L3 21l1.9-5.7a8.38 8.38 0 01-.9-3.8 8.5 8.5 0 014.7-7.6 8.38 8.38 0 013.8-.9h.5a8.48 8.48 0 018 8v.5z\"\/>\r\n        <\/svg>\r\n      <\/div>\r\n      <div>\r\n        <p style=\"color:#a8d97f;font-size:11px;margin:0 0 5px;font-weight:500;text-transform:uppercase;letter-spacing:.8px;font-family:'Roboto',sans-serif;\">WhatsApp<\/p>\r\n        <p style=\"color:white;font-size:15px;margin:0;font-family:'Roboto',sans-serif;\">(61) 99577-4043<\/p>\r\n      <\/div>\r\n    <\/div>\r\n\r\n    <!-- Bot\u00e3o WhatsApp -->\r\n    <a href=\"https:\/\/wa.me\/5561995774043\" target=\"_blank\" style=\"display:inline-flex;align-items:center;gap:8px;background:#25D366;color:white !important;text-decoration:none !important;padding:13px 22px;border-radius:8px;font-size:15px;font-weight:600;width:fit-content;font-family:'Roboto',sans-serif;\">\r\n      <svg width=\"18\" height=\"18\" viewBox=\"0 0 24 24\" fill=\"none\" stroke=\"white\" stroke-width=\"1.8\" stroke-linecap=\"round\" stroke-linejoin=\"round\">\r\n        <path d=\"M21 11.5a8.38 8.38 0 01-.9 3.8 8.5 8.5 0 01-7.6 4.7 8.38 8.38 0 01-3.8-.9L3 21l1.9-5.7a8.38 8.38 0 01-.9-3.8 8.5 8.5 0 014.7-7.6 8.38 8.38 0 013.8-.9h.5a8.48 8.48 0 018 8v.5z\"\/>\r\n      <\/svg>\r\n      Falar no WhatsApp\r\n    <\/a>\r\n  <\/div>\r\n\r\n  <!-- LADO DIREITO: MAPA -->\r\n  <div style=\"flex:1.5;min-width:300px;border-radius:12px;overflow:hidden;min-height:380px;\">\r\n    <iframe\r\n      src=\"https:\/\/www.google.com\/maps\/embed?pb=!1m18!1m12!1m3!1d3838.9!2d-47.9028!3d-15.7981!2m3!1f0!2f0!3f0!3m2!1i1024!2i768!4f13.1!3m3!1m2!1s0x935a3b6a4f1b2c3d%3A0x1234567890abcdef!2sSRTVS%20Qd%20701%20-%20Asa%20Sul%2C%20Bras%C3%ADlia%20-%20DF%2C%2070340-906!5e0!3m2!1spt-BR!2sbr!4v1700000000000!5m2!1spt-BR!2sbr\"\r\n      width=\"100%\"\r\n      height=\"100%\"\r\n      style=\"border:0;min-height:380px;display:block;filter:grayscale(20%);\"\r\n      allowfullscreen=\"\"\r\n      loading=\"lazy\"\r\n      referrerpolicy=\"no-referrer-when-downgrade\">\r\n    <\/iframe>\r\n  <\/div>\r\n\r\n<\/div>\r\n<\/div>\r\n\r\n<!-- FORMUL\u00c1RIO -->\r\n<div style=\"width:100vw;margin-left:calc(-50vw + 50%);background:#F5F7F7;padding:70px 20px;font-family:'Roboto',sans-serif;\">\r\n<div style=\"max-width:700px;margin:auto;\">\r\n\r\n  <div style=\"text-align:center;margin-bottom:36px;\">\r\n    <h2 style=\"color:#003641;font-size:26px;margin:0 0 10px;font-family:'Roboto',sans-serif;\">Envie sua mensagem<\/h2>\r\n    <p style=\"color:#666;font-size:15px;margin:0;font-family:'Roboto',sans-serif;\">Preencha o formul\u00e1rio e entraremos em contato em breve.<\/p>\r\n  <\/div>\r\n\r\n  <div style=\"background:white;padding:40px;border-radius:12px;box-shadow:0 2px 12px rgba(0,0,0,0.07);\">\r\n    <form action=\"https:\/\/formsubmit.co\/contato@victorysv.com.br\" method=\"POST\">\r\n      <input type=\"hidden\" name=\"_subject\" value=\"Novo contato pelo site Victory\">\r\n      <input type=\"hidden\" name=\"_captcha\" value=\"false\">\r\n      <input type=\"hidden\" name=\"_next\" value=\"https:\/\/victorysv.com.br\/contato\">\r\n\r\n      <input name=\"Nome\" placeholder=\"Nome completo\" required style=\"width:100%;padding:13px 15px;margin-top:10px;border:1.5px solid #ddd;border-radius:8px;box-sizing:border-box;font-size:15px;font-family:'Roboto',sans-serif;outline:none;\">\r\n      <input name=\"Telefone\" placeholder=\"Telefone \/ WhatsApp\" style=\"width:100%;padding:13px 15px;margin-top:14px;border:1.5px solid #ddd;border-radius:8px;box-sizing:border-box;font-size:15px;font-family:'Roboto',sans-serif;outline:none;\">\r\n      <input name=\"Email\" type=\"email\" placeholder=\"E-mail\" required style=\"width:100%;padding:13px 15px;margin-top:14px;border:1.5px solid #ddd;border-radius:8px;box-sizing:border-box;font-size:15px;font-family:'Roboto',sans-serif;outline:none;\">\r\n      <textarea name=\"Mensagem\" placeholder=\"Como podemos ajudar?\" required style=\"width:100%;padding:13px 15px;margin-top:14px;border:1.5px solid #ddd;border-radius:8px;box-sizing:border-box;font-size:15px;font-family:'Roboto',sans-serif;height:140px;resize:vertical;outline:none;\"><\/textarea>\r\n\r\n      <button type=\"submit\" style=\"margin-top:22px;background:#003641;color:white;border:none;padding:16px;font-size:16px;font-weight:600;border-radius:8px;cursor:pointer;width:100%;font-family:'Roboto',sans-serif;letter-spacing:.3px;\">\r\n        Falar com especialista\r\n      <\/button>\r\n    <\/form>\r\n  <\/div>\r\n\r\n<\/div>\r\n<\/div>\t\t\t\t<\/div>\n\t\t\t\t\t<\/div>\n\t\t\t\t<\/div>\n\t\t\t\t<\/div>\n\t\t","protected":false},"excerpt":{"rendered":"<p>Fale com a gente Estamos prontos para atender voc\u00ea. Endere\u00e7o SRTVS Quadra 701 Centro Empresarial Assis Chateaubriand Lote 01, Bloco [&hellip;]<\/p>\n","protected":false},"author":1,"featured_media":0,"parent":0,"menu_order":0,"comment_status":"closed","ping_status":"closed","template":"","meta":{"site-sidebar-layout":"no-sidebar","site-content-layout":"","ast-site-content-layout":"full-width-container","site-content-style":"default","site-sidebar-style":"default","ast-global-header-display":"","ast-banner-title-visibility":"","ast-main-header-display":"","ast-hfb-above-header-display":"","ast-hfb-below-header-display":"","ast-hfb-mobile-header-display":"","site-post-title":"disabled","ast-breadcrumbs-content":"","ast-featured-img":"disabled","footer-sml-layout":"","ast-disable-related-posts":"","theme-transparent-header-meta":"","adv-header-id-meta":"","stick-header-meta":"","header-above-stick-meta":"","header-main-stick-meta":"","header-below-stick-meta":"","astra-migrate-meta-layouts":"default","ast-page-background-enabled":"default","ast-page-background-meta":{"desktop":{"background-color":"var(--ast-global-color-5)","background-image":"","background-repeat":"repeat","background-position":"center center","background-size":"auto","background-attachment":"scroll","background-type":"","background-media":"","overlay-type":"","overlay-color":"","overlay-opacity":"","overlay-gradient":""},"tablet":{"background-color":"","background-image":"","background-repeat":"repeat","background-position":"center center","background-size":"auto","background-attachment":"scroll","background-type":"","background-media":"","overlay-type":"","overlay-color":"","overlay-opacity":"","overlay-gradient":""},"mobile":{"background-color":"","background-image":"","background-repeat":"repeat","background-position":"center center","background-size":"auto","background-attachment":"scroll","background-type":"","background-media":"","overlay-type":"","overlay-color":"","overlay-opacity":"","overlay-gradient":""}},"ast-content-background-meta":{"desktop":{"background-color":"var(--ast-global-color-4)","background-image":"","background-repeat":"repeat","background-position":"center center","background-size":"auto","background-attachment":"scroll","background-type":"","background-media":"","overlay-type":"","overlay-color":"","overlay-opacity":"","overlay-gradient":""},"tablet":{"background-color":"var(--ast-global-color-4)","background-image":"","background-repeat":"repeat","background-position":"center center","background-size":"auto","background-attachment":"scroll","background-type":"","background-media":"","overlay-type":"","overlay-color":"","overlay-opacity":"","overlay-gradient":""},"mobile":{"background-color":"var(--ast-global-color-4)","background-image":"","background-repeat":"repeat","background-position":"center center","background-size":"auto","background-attachment":"scroll","background-type":"","background-media":"","overlay-type":"","overlay-color":"","overlay-opacity":"","overlay-gradient":""}},"footnotes":""},"class_list":["post-30","page","type-page","status-publish","hentry"],"yoast_head":"<!-- This site is optimized with the Yoast SEO plugin v27.3 - https:\/\/yoast.com\/product\/yoast-seo-wordpress\/ -->\n<title>Contato -<\/title>\n<meta name=\"description\" content=\"Entre em contato com a Victory Securitizadora. Fale com nossos especialistas em antecipa\u00e7\u00e3o de receb\u00edveis. Bras\u00edlia \u2013 DF.\" \/>\n<meta name=\"robots\" content=\"index, follow, max-snippet:-1, max-image-preview:large, max-video-preview:-1\" \/>\n<link rel=\"canonical\" href=\"http:\/\/victorysv.com.br\/index.php\/contato-victory-securitizadora\/\" \/>\n<meta property=\"og:locale\" content=\"pt_BR\" \/>\n<meta property=\"og:type\" content=\"article\" \/>\n<meta property=\"og:title\" content=\"Contato -\" \/>\n<meta property=\"og:description\" content=\"Entre em contato com a Victory Securitizadora. Fale com nossos especialistas em antecipa\u00e7\u00e3o de receb\u00edveis. Bras\u00edlia \u2013 DF.\" \/>\n<meta property=\"og:url\" content=\"http:\/\/victorysv.com.br\/index.php\/contato-victory-securitizadora\/\" \/>\n<meta property=\"article:modified_time\" content=\"2026-03-20T13:49:46+00:00\" \/>\n<meta name=\"twitter:card\" content=\"summary_large_image\" \/>\n<meta name=\"twitter:label1\" content=\"Est. tempo de leitura\" \/>\n\t<meta name=\"twitter:data1\" content=\"1 minuto\" \/>\n<script type=\"application\/ld+json\" class=\"yoast-schema-graph\">{\"@context\":\"https:\\\/\\\/schema.org\",\"@graph\":[{\"@type\":\"WebPage\",\"@id\":\"http:\\\/\\\/victorysv.com.br\\\/index.php\\\/contato-victory-securitizadora\\\/\",\"url\":\"http:\\\/\\\/victorysv.com.br\\\/index.php\\\/contato-victory-securitizadora\\\/\",\"name\":\"Contato -\",\"isPartOf\":{\"@id\":\"https:\\\/\\\/victorysv.com.br\\\/#website\"},\"datePublished\":\"2026-03-19T23:46:37+00:00\",\"dateModified\":\"2026-03-20T13:49:46+00:00\",\"description\":\"Entre em contato com a Victory Securitizadora. Fale com nossos especialistas em antecipa\u00e7\u00e3o de receb\u00edveis. Bras\u00edlia \u2013 DF.\",\"breadcrumb\":{\"@id\":\"http:\\\/\\\/victorysv.com.br\\\/index.php\\\/contato-victory-securitizadora\\\/#breadcrumb\"},\"inLanguage\":\"pt-BR\",\"potentialAction\":[{\"@type\":\"ReadAction\",\"target\":[\"http:\\\/\\\/victorysv.com.br\\\/index.php\\\/contato-victory-securitizadora\\\/\"]}]},{\"@type\":\"BreadcrumbList\",\"@id\":\"http:\\\/\\\/victorysv.com.br\\\/index.php\\\/contato-victory-securitizadora\\\/#breadcrumb\",\"itemListElement\":[{\"@type\":\"ListItem\",\"position\":1,\"name\":\"Home\",\"item\":\"https:\\\/\\\/victorysv.com.br\\\/\"},{\"@type\":\"ListItem\",\"position\":2,\"name\":\"Contato\"}]},{\"@type\":\"WebSite\",\"@id\":\"https:\\\/\\\/victorysv.com.br\\\/#website\",\"url\":\"https:\\\/\\\/victorysv.com.br\\\/\",\"name\":\"Victory Solu\u00e7\u00f5es Vers\u00e1teis\",\"description\":\"\",\"publisher\":{\"@id\":\"https:\\\/\\\/victorysv.com.br\\\/#organization\"},\"potentialAction\":[{\"@type\":\"SearchAction\",\"target\":{\"@type\":\"EntryPoint\",\"urlTemplate\":\"https:\\\/\\\/victorysv.com.br\\\/?s={search_term_string}\"},\"query-input\":{\"@type\":\"PropertyValueSpecification\",\"valueRequired\":true,\"valueName\":\"search_term_string\"}}],\"inLanguage\":\"pt-BR\"},{\"@type\":\"Organization\",\"@id\":\"https:\\\/\\\/victorysv.com.br\\\/#organization\",\"name\":\"Victory Solu\u00e7\u00f5es Vers\u00e1teis\",\"url\":\"https:\\\/\\\/victorysv.com.br\\\/\",\"logo\":{\"@type\":\"ImageObject\",\"inLanguage\":\"pt-BR\",\"@id\":\"https:\\\/\\\/victorysv.com.br\\\/#\\\/schema\\\/logo\\\/image\\\/\",\"url\":\"https:\\\/\\\/victorysv.com.br\\\/wp-content\\\/uploads\\\/2026\\\/03\\\/cropped-Prancheta-1.png\",\"contentUrl\":\"https:\\\/\\\/victorysv.com.br\\\/wp-content\\\/uploads\\\/2026\\\/03\\\/cropped-Prancheta-1.png\",\"width\":647,\"height\":188,\"caption\":\"Victory Solu\u00e7\u00f5es Vers\u00e1teis\"},\"image\":{\"@id\":\"https:\\\/\\\/victorysv.com.br\\\/#\\\/schema\\\/logo\\\/image\\\/\"}}]}<\/script>\n<!-- \/ Yoast SEO plugin. -->","yoast_head_json":{"title":"Contato -","description":"Entre em contato com a Victory Securitizadora. Fale com nossos especialistas em antecipa\u00e7\u00e3o de receb\u00edveis. Bras\u00edlia \u2013 DF.","robots":{"index":"index","follow":"follow","max-snippet":"max-snippet:-1","max-image-preview":"max-image-preview:large","max-video-preview":"max-video-preview:-1"},"canonical":"http:\/\/victorysv.com.br\/index.php\/contato-victory-securitizadora\/","og_locale":"pt_BR","og_type":"article","og_title":"Contato -","og_description":"Entre em contato com a Victory Securitizadora. Fale com nossos especialistas em antecipa\u00e7\u00e3o de receb\u00edveis. Bras\u00edlia \u2013 DF.","og_url":"http:\/\/victorysv.com.br\/index.php\/contato-victory-securitizadora\/","article_modified_time":"2026-03-20T13:49:46+00:00","twitter_card":"summary_large_image","twitter_misc":{"Est. tempo de leitura":"1 minuto"},"schema":{"@context":"https:\/\/schema.org","@graph":[{"@type":"WebPage","@id":"http:\/\/victorysv.com.br\/index.php\/contato-victory-securitizadora\/","url":"http:\/\/victorysv.com.br\/index.php\/contato-victory-securitizadora\/","name":"Contato -","isPartOf":{"@id":"https:\/\/victorysv.com.br\/#website"},"datePublished":"2026-03-19T23:46:37+00:00","dateModified":"2026-03-20T13:49:46+00:00","description":"Entre em contato com a Victory Securitizadora. Fale com nossos especialistas em antecipa\u00e7\u00e3o de receb\u00edveis. Bras\u00edlia \u2013 DF.","breadcrumb":{"@id":"http:\/\/victorysv.com.br\/index.php\/contato-victory-securitizadora\/#breadcrumb"},"inLanguage":"pt-BR","potentialAction":[{"@type":"ReadAction","target":["http:\/\/victorysv.com.br\/index.php\/contato-victory-securitizadora\/"]}]},{"@type":"BreadcrumbList","@id":"http:\/\/victorysv.com.br\/index.php\/contato-victory-securitizadora\/#breadcrumb","itemListElement":[{"@type":"ListItem","position":1,"name":"Home","item":"https:\/\/victorysv.com.br\/"},{"@type":"ListItem","position":2,"name":"Contato"}]},{"@type":"WebSite","@id":"https:\/\/victorysv.com.br\/#website","url":"https:\/\/victorysv.com.br\/","name":"Victory Solu\u00e7\u00f5es Vers\u00e1teis","description":"","publisher":{"@id":"https:\/\/victorysv.com.br\/#organization"},"potentialAction":[{"@type":"SearchAction","target":{"@type":"EntryPoint","urlTemplate":"https:\/\/victorysv.com.br\/?s={search_term_string}"},"query-input":{"@type":"PropertyValueSpecification","valueRequired":true,"valueName":"search_term_string"}}],"inLanguage":"pt-BR"},{"@type":"Organization","@id":"https:\/\/victorysv.com.br\/#organization","name":"Victory Solu\u00e7\u00f5es Vers\u00e1teis","url":"https:\/\/victorysv.com.br\/","logo":{"@type":"ImageObject","inLanguage":"pt-BR","@id":"https:\/\/victorysv.com.br\/#\/schema\/logo\/image\/","url":"https:\/\/victorysv.com.br\/wp-content\/uploads\/2026\/03\/cropped-Prancheta-1.png","contentUrl":"https:\/\/victorysv.com.br\/wp-content\/uploads\/2026\/03\/cropped-Prancheta-1.png","width":647,"height":188,"caption":"Victory Solu\u00e7\u00f5es Vers\u00e1teis"},"image":{"@id":"https:\/\/victorysv.com.br\/#\/schema\/logo\/image\/"}}]}},"_links":{"self":[{"href":"https:\/\/victorysv.com.br\/index.php\/wp-json\/wp\/v2\/pages\/30","targetHints":{"allow":["GET"]}}],"collection":[{"href":"https:\/\/victorysv.com.br\/index.php\/wp-json\/wp\/v2\/pages"}],"about":[{"href":"https:\/\/victorysv.com.br\/index.php\/wp-json\/wp\/v2\/types\/page"}],"author":[{"embeddable":true,"href":"https:\/\/victorysv.com.br\/index.php\/wp-json\/wp\/v2\/users\/1"}],"replies":[{"embeddable":true,"href":"https:\/\/victorysv.com.br\/index.php\/wp-json\/wp\/v2\/comments?post=30"}],"version-history":[{"count":22,"href":"https:\/\/victorysv.com.br\/index.php\/wp-json\/wp\/v2\/pages\/30\/revisions"}],"predecessor-version":[{"id":223,"href":"https:\/\/victorysv.com.br\/index.php\/wp-json\/wp\/v2\/pages\/30\/revisions\/223"}],"wp:attachment":[{"href":"https:\/\/victorysv.com.br\/index.php\/wp-json\/wp\/v2\/media?parent=30"}],"curies":[{"name":"wp","href":"https:\/\/api.w.org\/{rel}","templated":true}]}}